at is u(q)?
-31
Let t be (33/(-55))/((-45)/(-1650)*-2). Let n(q) = -q**3 + 10*q**2 + 18*q - 68. Give n(t).
9
Let r(i) = i**3 - i**2 + i + 2. Let m = -82 + 58. Let o = -21 - m. Suppose 4*q - 5 - 7 = -y, -5*y + q - o = 0. What is r(y)?
2
Let q(p) = -p**3 - 10*p**2 + 7*p - 38. Let z be (1562/355)/((-6)/15). Give q(z).
6
Let x(z) = z**2 - 20*z + 66. Let h be x(5). Let n be (12/h)/((-28)/21). Let l(y) = 35*y**2 + y. Give l(n).
36
Suppose 4 = 3*d - 2*d - q, 5*d = -4*q + 2. Let h(g) = -8*g + d - 9 + 24*g - 15*g. Let b = -8 - -3. Give h(b).
-12
Let y(n) = 4 + n**2 + 18 - 9*n - 13. Let x be (3 + (-42)/7)/(1/(-3)). Give y(x).
9
Let h(u) = -103 - 185*u + 125*u + 15 + 82*u. What is h(4)?
0
Suppose 66*c - 20 = 62*c, 24 = 4*j + 4*c. Suppose -9 = -3*o + 72. Let k(i) = 3 + j - 22*i + 2*i**2 + o*i - 2. Give k(-3).
5
Let y(q) = 6*q**3 - q**2 - q. Suppose 3*l + 12 = 0, d - 2*l - 4 = 9. Suppose 2*s = d*c + 7, -8 = 5*c + s - 4*s. Calculate y(c).
-6
Let j(w) = w**3 - w**2 - w - 2. Let q = 402 + -402. Suppose -4*k - 4*o + 22 - 18 = q, 3*o = -4*k. What is j(k)?
-35
Let i(r) = -2*r**2 - 3701 + 1851 + 2*r + 1851. Calculate i(6).
-59
Let g(b) = -200*b - 43 + 63*b + 84*b - 56 + 67*b. Calculate g(6).
-15
Let p(u) = u**2 - 2*u - 3. Let x = -75 + 68. Let k be (196/(-12))/x*(19 - -2). Let h be 30/7 - 14/k. Calculate p(h).
5
Let o(j) = j**3 - 17*j**2 - 304*j - 116. Let l be o(28). Let m(d) = -3*d**3 + d**2 + 10*d + 4. What is m(l)?
172
Let s(q) = -q**3 - q**2. Let x(g) = 3*g**3 - 6*g**2 - 8*g - 10. Let v(f) = 2*s(f) + x(f). Suppose 0 = 2*m - 4 + 12. Let l be 2/8 + (-35)/m. Determine v(l).
-1
Let f(k) = 7*k**3 + 4*k**2 - 7*k - 10. Let w(l) = -l**3 + l + 1. Let q(a) = 7*a + 120. Let h be q(-18). Let b(o) = h*w(o) - f(o). What is b(-5)?
24
Let o(f) = 2 - 5 - 9*f + 3. Let t be (255/45)/(1/(-9)). Let j = t + 50. What is o(j)?
9
Let x(p) = -44*p**3 - p - 1. Let z be (-146)/219 + (3/(-9) - 0). Calculate x(z).
44
Let n(g) = 8*g - 34. Suppose 2*l - 4*r + 2*r + 6 = 0, -5*l + 4*r - 14 = 0. Let h(d) = d**2 + 2*d + 4. Let v be h(l). Give n(v).
-2
Suppose -255*l - 147 = -108*l. Let u(m) = -m + 1. Let a(i) = -16*i + 14. Let q(w) = a(w) - 10*u(w). Let n(x) = x - 1. Let z(v) = -5*n(v) - q(v). What is z(l)?
0
Let s(o) = -o**2 + 10*o - 6. Let u = 9 + -13. Let v be (-14)/10 + u/(-10) + 8. Suppose -5*y = 5*n + v - 37, 36 = 3*n - 3*y. Determine s(n).
3
Let z be (7/14)/((-3)/(-18)). Let y(h) = 1. Let a(m) = -3. Let t(v) = 2*a(v) + 5*y(v). Let w(b) = -b + 1. Let c(d) = -3*t(d) - w(d). What is c(z)?
5
Let u = -451 - -461. Let q(r) = 3*r + r - 5*r - 4 + 4*r. Determine q(u).
26
Let k(i) be the first derivative of -9*i**2/2 + 12*i - 66. Let n be k(1). Let v(z) = -2*z**3 + 5*z**2 + 3*z - 3. Determine v(n).
-3
Let o(d) be the first derivative of 1/4*d**4 + d**2 + d + 1/3*d**3 + 8. Let h = -8 + 5. Determine o(h).
-23
Suppose -53*l + 20 = -2*u - 51*l, -28 = u - 4*l. Let f(k) = 13*k**2 + 52*k + 4. Determine f(u).
4
Let p(t) = 34*t - 34. Let n be 9/(-6)*-1 - 1/2. Let d be p(n). Let u(i) = -i**3 - i**2 + i + 5. Calculate u(d).
5
Let l(o) be the third derivative of -o**5/4 - 95*o**4/8 + o**3/3 - 9*o**2 + 2*o + 4. Give l(-19).
2
Let y be 2/8 - (14/(-8) + -2). Let v(h) = -y*h + 679*h**2 + 672*h**2 + 5 - 1352*h**2. What is v(-4)?
5
Let x(p) = -p**2 + 6*p - 3. Let t(l) be the first derivative of -l**2 - 8*l - 67. Suppose 0 = 2*f - 1 + 13. Let i be t(f). What is x(i)?
5
Let b(d) = 2 - 1 - 3 + 1. Let i(p) be the first derivative of p**2/2 - 4*p - 90. Let k(v) = 6*b(v) - i(v). Determine k(-6).
4
Suppose 0 = 2*l - 2, 4*w - 6*w + 19 = -l. Suppose -w*r = -18*r - 40. Let b(v) = -2*v**2 - 7*v - 6. What is b(r)?
-21
Suppose -11*b = -44*b + 792. Suppose 197 = -b*f - 43. Let k(n) = n**3 + 9*n**2 - 8*n + 21. Determine k(f).
1
Let o(l) = 3*l**3 + 18*l**2 + 3*l - 14. Let q(v) = -v**3 - 6*v**2 - v + 5. Let a(p) = -3*o(p) - 8*q(p). Suppose -66*x = -1113*x - 270*x - 6585. Give a(x).
-18
Let s(y) = 3*y**2 - 4*y - 1. Suppose 0 = -9*g + 565 + 560. Let h = -128 + g. Determine s(h).
38
Let k = -4 + 1. Let f(p) be the third derivative of -p**5/30 - p**4/8 + 2*p**2 + 2221. Determine f(k).
-9
Suppose -5 - 23 + 64 = 6*l. Let a(k) = -2*k**2 + 6*k + 16. What is a(l)?
-20
Let u(a) = 6*a**2 + 2*a + 1. Let z be ((-3)/9)/((-1)/9). Suppose 13*l + 10 = -z. Give u(l).
5
Let q = -30510 - -30518. Let g(o) = o**3 - 13*o**2 + 16*o - 7. Determine g(q).
-199
Suppose 5*z + 5*i - 5 = 0, 0 = -5*z - 0*i + 4*i + 32. Let p(c) = 2*c + 3. Let h(q) = q**2. Let r(a) = h(a) - p(a). Give r(z).
5
Let g(f) = -22*f**2 + f. Let y be ((-3)/(-3))/(-1 - 0/(-7)). Determine g(y).
-23
Let r(z) be the second derivative of 0 - 2*z**2 + 1/12*z**4 + 2*z - 1/6*z**3. Let d be (((-28)/(-10))/((-4)/(-20)))/((-7791)/(-98) + -76). Calculate r(d).
8
Let k(n) = 3*n. Let r be 1915/(-9) + (-46)/207. Let o = 207 + r. Determine k(o).
-18
Let z(g) = -2*g - 3. Let a be z(-3). Let o(n) = -n**2 - 162*n - 1129999 + 1129996 + 163*n. Determine o(a).
-9
Let v(p) be the third derivative of -2*p**2 - 1/15*p**5 - 1/120*p**6 + 1/2*p**3 + 0 + 0*p**4 - 2*p. Give v(-4).
3
Let s = -9387 - -9389. Let k(w) = 32*w - 69. Calculate k(s).
-5
Let y(l) = -3*l**3 + 351*l**2 + 354*l + 3. Let d be y(118). Let v(j) = j**3 + j**2 - 3*j - 1. Calculate v(d).
26
Suppose -128 = -25*a + 22. Let d(m) be the third derivative of -2*m**2 - 1/3*m**3 - 1/10*m**5 + 0 + 1/120*m**6 + 0*m + 1/24*m**4. Give d(a).
4
Let x(j) = -8*j - 6 - j**2 + 2*j + 0 + 0. Let z be (-3)/9*3 - -1. Suppose -10 = -z*r + 2*r. Give x(r).
-1
Suppose h - i - 4 = 0, 113*i - 114*i = -4*h + 22. Let f(l) be the second derivative of l**3/6 - l**2/2 - l. Let k(d) = -6. Let a(y) = f(y) - k(y). What is a(h)?
11
Let x = 15275 + -15287. Let g(f) = f**3 + 12*f**2 - 2*f - 12. Give g(x).
12
Let a(w) be the third derivative of -w**4/24 - 17*w**3/6 + 34*w**2 + w. Give a(-15).
-2
Let o(x) = -20*x**2 - 9*x + 2. Let k(c) = -7*c**2 - 3*c. Let y(m) = 17*k(m) - 6*o(m). What is y(-5)?
-2
Let d(g) = 6*g**2 + 7*g - 13. Let n(c) = 13*c**2 - 203*c - 78. Let f be n(16). Determine d(f).
25
Let i(a) = a**2 + 24*a - 47. Let d(l) = -4*l**2 - 10*l + 150. Let z be d(-8). Give i(z).
5
Let f(r) = 6*r**2 + 3*r - 1. Suppose -349 = 16*l - 301. Calculate f(l).
44
Let z(k) = -27*k - 9 + 11*k + 18*k - 10. Let o(j) = 3*j - 21. Let v(q) = -4*o(q) + 5*z(q). What is v(-7)?
3
Let w(p) = 22*p - 44. Let v(k) = 112*k + 1794. Let l be v(-16). Give w(l).
0
Let l(j) be the first derivative of j**2/2 + 2*j - 486. Give l(-3).
-1
Let x(q) = 13*q**3 + q**2 - 56461731 + 56461730 - 36*q**3. Suppose 2*t - 17 = -g + 6*t, 2*t + 13 = 5*g. Calculate x(g).
-23
Let k(j) be the third derivative of j**6/360 + j**5/15 + j**4/6 + 13*j**2 + j. Let d(q) be the second derivative of k(q). Give d(-8).
-8
Let g(b) = b**3 + 23*b**2 - 95*b**2 + 5 + 5*b + 77*b**2. Determine g(-2).
7
Let h(x) be the third derivative of 0*x**4 + 0*x**3 + 0 + 1/60*x**5 + 120*x + x**2 + 1/120*x**6. Let f(r) = -r + 2. Let z be f(4). What is h(z)?
-4
Suppose 59*p - 164 = 88*p - 70*p. Let w(t) be the first derivative of 9*t**2/2 + 5*t - 1. Give w(p).
41
Let o(j) = j + 3. Let g = 738 - 758. Let t(a) = -a**3 + 4*a**2 + 2*a - 2. Let n be t(3). Let m = n + g. What is o(m)?
-4
Let d be (2/2)/(2/(-6)). Let z(p) = -p**3 - p**2 - 7*p + 1. Let i(o) = 2*o**3 + 2*o**2 + 11*o - 1. Let l(w) = -3*i(w) - 5*z(w). Give l(d).
10
Let r(w) be the second derivative of -w**4/12 + w**3 - w**2 + 2*w. Let k = 5596 - 5589. Calculate r(k).
-9
Let b(n) be the third derivative of n**4/8 + 19*n**3/6 + 175*n**2 - 2. Let w = -78 - -68. Give b(w).
-11
Let j = -76 + 74. Let l(b) = 6*b - 61. Let d(h) = h - 12. Let t(g) = j*l(g) + 11*d(g). Give t(-7).
-3
Let i(k) = -k + 5. Let y be i(2). Let w(z) = 9*z + 27 + z**y - 20 - 14*z + 4*z**2. Let f(m) = 6*m + 1. Let n be f(-1). What is w(n)?
7
Let t(c) be the first derivative of c**4/4 + 17*c**3/3 + 2*c**2 + 56*c + 9977. Calculate t(-17).
-12
Suppose 15 = 3*i, 5*i - 5 - 2 = 3*m. Let b be (-85)/15 - m/18. Let a(h) = -2*h + 8. Calculate a(b).
20
Let i(f) = -4*f - 10. Let r = 3652 + -3656. What is i(r)?
6
Let y(f) be the first derivative of -f**4/4 + 12*f**3 - 37*f**2/2 + 79*f + 4889. What is y(35)?
9
Let q(r) = 3*r**2 + 6*r + 3. Suppose 0 = -3*x, -4*y - 10 = -4*x + 22. Let z be 6 + y/12*15. Give q(z).
27
Let i(b) be the second derivative of -4*b**3/